Let u(o) = -5*o**2 - 8*o - 5. Give u(0).
-5
Let f(m) = -m**2 - 8*m + 2. Give f(-12).
-46
Let r(t) = 11*t - 26. Calculate r(3).
7
Let n(z) = z**2 + 12*z - 1. Determine n(-10).
-21
Let a(l) = 3*l**2 + 80*l - 94. Give a(-28).
18
Let m(y) = -20*y**3 + 2*y**2 + 2*y + 1. Give m(-1).
21
Let y(s) = s - 3. Calculate y(0).
-3
Let q(j) = 125*j - 4. What is q(1)?
121
Let j(o) = o**3 + 20*o**2 - o. What is j(-20)?
20
Let p(y) = y**3 - 4*y**2 - 7*y. Determine p(5).
-10
Let s(m) = -m**2 + 18*m + 45. Calculate s(20).
5
Let c(r) = -21*r + 432. Determine c(21).
-9
Let l(s) = -s**2 + 31*s + 306. Determine l(39).
-6
Let d(r) = 10*r**2 - r + 2. What is d(2)?
40
Let b(x) = -x**3 + 15*x**2 + x - 13. Give b(15).
2
Let j(y) = -3*y**2 - 4*y + 3. Determine j(3).
-36
Let a(t) = -t - 7. Determine a(3).
-10
Let w(r) = r**3 + 2*r**2 - 4*r - 2. Give w(-3).
1
Let j(r) = 8*r - 95. What is j(17)?
41
Let g(x) = 2*x**3 + 32*x**2 - 3*x - 40. Give g(-16).
8
Let x(a) = 2*a**2 + a + 6. What is x(-5)?
51
Let q(j) = -j**3 + 6*j**2 - 1. What is q(7)?
-50
Let j(d) = d**3 - 16*d**2 - 6. Give j(16).
-6
Let w(q) = -q + 8. Calculate w(-6).
14
Let w(s) = -s**2 - 17*s - 57. Calculate w(-13).
-5
Let g(w) = w**2 - 14*w - 10. What is g(15)?
5
Let y(d) = 2*d**3 + 5*d**2 + 3*d - 4. Give y(-2).
-6
Let l(i) = -i**3 + 37*i**2 + 40*i - 63. Calculate l(38).
13
Let u(c) = -c**3 + 12*c**2 - 21*c + 26. Determine u(10).
16
Let o(k) = -k**2 + 2*k. Determine o(-2).
-8
Let s(i) = i**2 - 10*i - 75. Give s(-5).
0
Let q(n) = -3*n - 118. Determine q(-41).
5
Let l(w) = w**3 - 6*w**2 - 7*w + 7. Give l(7).
7
Let j(q) = q**3 + q**2 - 1. Determine j(1).
1
Let l(r) = -2*r**2 + 8*r + 13. Determine l(6).
-11
Let c(o) = 2*o**3 + 15*o**2 + 7*o - 2. Determine c(-7).
-2
Let l(y) = -y**3 + 13*y**2 + 12*y + 14. Determine l(14).
-14
Let z(m) = -m. Determine z(-9).
9
Let m(r) = -r - 1. Give m(-3).
2
Let k(r) = r + 5. Give k(-7).
-2
Let v(z) = z**3 + 2*z**2 + 2*z + 1. Determine v(-3).
-14
Let f(c) = 2*c**3 - c**2 - 3*c - 1. Determine f(2).
5
Let v(p) = p**2 + 6*p. What is v(-6)?
0
Let k(v) = v**3 + 14*v**2 - 177*v - 28. Determine k(-22).
-6
Let a(g) = -g**3 - 18*g**2 - 80*g. What is a(-9)?
-9
Let x(l) = l**2 - 4*l - 52. Calculate x(9).
-7
Let x(w) = w**3 - 19*w**2 - w + 13. What is x(19)?
-6
Let u(t) = 21*t**3 + 3*t**2 + 2*t + 1. Calculate u(-1).
-19
Let m(x) = x**3 - 3*x**2 - 4*x + 2. Calculate m(4).
2
Let t(f) = f + 12. Determine t(-2).
10
Let q(g) = -43*g - 216. Calculate q(-5).
-1
Let j(m) = m**2 + 7*m + 6. Give j(-7).
6
Let b(t) = 3*t - 64. Determine b(26).
14
Let d(s) = -s**2 - 3*s + 19. What is d(-8)?
-21
Let f(k) = k**3 - k**2 - 13*k + 11. Give f(5).
46
Let v(o) = -o**3 + 24*o**2 - 24*o + 25. What is v(23)?
2
Let a(x) = -9*x + 9. What is a(-3)?
36
Let m(u) = u**2 - 11*u + 5. What is m(10)?
-5
Let n(i) = 4*i - 43. Give n(13).
9
Let k(w) = -22*w + 28. Calculate k(-5).
138
Let q(o) = o**2 - o - 1. What is q(0)?
-1
Let q(m) = 7*m - 18. Determine q(4).
10
Let u(i) = -i**3 + 4*i**2 + 7*i - 12. Determine u(5).
-2
Let h(f) = -f**3 + 11*f**2 + 3*f + 15. Calculate h(11).
48
Let l(f) = -f**3 - 8*f**2 - 5*f + 9. Determine l(-6).
-33
Let a(u) = -2*u**3 - 23*u**2 - 9*u - 3. Calculate a(-11).
-25
Let r(l) = -4*l - 32. Calculate r(-8).
0
Let c(o) = -38*o**3 - o**2 - o - 1. What is c(-1)?
37
Let y(z) = -z**2 - 6*z - 2. Determine y(-6).
-2
Let v(r) = 3*r + 1. Give v(-3).
-8
Let x(g) = 8*g + 20. Calculate x(-8).
-44
Let q(r) = -5*r**3 + 3*r**2 + 5*r + 3. Calculate q(-1).
6
Let g(l) = -l**2 - 7*l + 7. What is g(-7)?
7
Let j(m) = -27*m - 36. What is j(-1)?
-9
Let y(c) = -20*c. What is y(-1)?
20
Let p(k) = 2*k**2 + 5*k - 5. Calculate p(5).
70
Let k(h) = -h**2 - 22*h + 28. Calculate k(-22).
28
Let h(n) = 4*n**2 + 2*n + 2. Calculate h(-2).
14
Let j(g) = -8*g**2 + 56*g. Determine j(7).
0
Let w(i) = i - 4. Determine w(4).
0
Let z(g) = g**2 + 33. What is z(0)?
33
Let i(j) = j**3 + 8*j**2 + 7*j + 4. Determine i(-7).
4
Let h(l) = l - 1. What is h(7)?
6
Let v(w) = w**3 - 27. Calculate v(0).
-27
Let m(l) = -3*l - 48. Calculate m(-22).
18
Let a(f) = 18*f**2 + 1. Determine a(-3).
163
Let s(h) = -2*h**2 - 12. What is s(0)?
-12
Let m(w) = 2*w**3 - 4*w + 9. Calculate m(2).
17
Let u(z) = -z**2 - 30*z + 508. What is u(12)?
4
Let s(o) = -8*o - 158. What is s(-22)?
18
Let x(l) = -2*l**2 - 35*l - 25. Give x(-16).
23
Let w(b) = -b**2 + 11*b + 42. Calculate w(15).
-18
Let a(g) = -g**3 - 9*g**2 + 10*g - 1. Determine a(-10).
-1
Let r(v) = 10*v - 12. Determine r(2).
8
Let o(f) = f**3 - 10*f**2 + 8*f + 15. Determine o(9).
6
Let l(o) = -o**3 - 14*o**2 - 13*o - 10. Give l(-13).
-10
Let z(o) = -2*o**3 - 2*o**2 - 4*o + 5. Give z(1).
-3
Let a(c) = -c**3 + 9*c**2 + 10*c + 3. What is a(10)?
3
Let c(b) = -13*b**2 - 3*b - 10. Give c(-2).
-56
Let q(h) = -10*h**2 - 4*h - 3. Calculate q(-2).
-35
Let d(l) = -21*l + 118. Give d(4).
34
Let j(n) = -188*n - 2814. Determine j(-15).
6
Let w(k) = k**3 + 9*k**2 + 10*k + 28. What is w(-8)?
12
Let x(c) = -4*c**2 - 2*c + 1. Determine x(2).
-19
Let q(n) = n + 12. Give q(-6).
6
Let i(u) = -4*u**3 + u**2 - u + 1. What is i(1)?
-3
Let k(n) = 5*n + 3. What is k(1)?
8
Let a(r) = -r**2 + 18*r - 5. Determine a(17).
12
Let r(x) = x**3 - 9*x**2 - 12*x - 8. What is r(10)?
-28
Let i(r) = -r - 4. What is i(10)?
-14
Let t(b) = -7*b**2 + 3*b + 3. Calculate t(-1).
-7
Let v(c) = -c**2 - 2*c + 13. Calculate v(-4).
5
Let p(g) = g - 3. Determine p(-2).
-5
Let c(a) = 3*a + 14. Give c(-9).
-13
Let r(f) = 41*f**2 + f + 1. Calculate r(1).
43
Let b(d) = -2*d**3 - 10*d**2 - 10*d - 43. Calculate b(-5).
7
Let m(i) = 3*i**2 + 59*i + 29. What is m(-19)?
-9
Let k(y) = y**2 + 11*y + 19. Determine k(-8).
-5
Let w(o) = o**3 + 5*o**2 + 2*o + 4. Give w(-3).
16
Let p(q) = 2*q + 40. What is p(-23)?
-6
Let a(r) = r**3 + 8*r**2 + 8*r + 10. Determine a(-7).
3
Let f(j) = -2*j**3 + 2*j**2 - 2*j + 9. Give f(-4).
177
Let p(r) = -2*r**3 - 37*r**2 + 104*r - 19. What is p(-21)?
2
Let o(g) = g**3 + 23*g**2 + 21*g + 26. What is o(-22)?
48
Let k(w) = w**2 - w + 68. Calculate k(0).
68
Let z(m) = -22*m + 366. What is z(17)?
-8
Let s(z) = z - 39. Give s(-6).
-45
Let j(s) = 5*s**2 - s - 4. Calculate j(3).
38
Let z(k) = -21*k + 62. What is z(0)?
62
Let l(u) = 2*u - 2. Give l(12).
22
Let o(u) = u**3 + 3*u**2 - 58*u + 12. Determine o(6).
-12
Let s(l) = l**2 - 9*l - 27. Give s(12).
9
Let d(m) = -m**2 - 18*m + 26. What is d(-19)?
7
Let v(i) = 18*i**2 + 2*i - 4. Calculate v(1).
16
Let x(q) = 3*q + 7. Calculate x(-7).
-14
Let q(g) = -g + 48. What is q(35)?
13
Let b(y) = -y**2 + 11*y + 15. Determine b(13).
-11
Let z(w) = w**2 - 7*w + 5. Give z(11).
49
Let a(f) = -f**2 + 2. Determine a(0).
2
Let j(k) = k**3 + 6*k**2 + 3*k + 10. What is j(-6)?
-8
Let a(g) = 19*g**2 + 9*g. Give a(-1).
10
Let a(h) = -h**3 - 6*h**2 + 7*h - 6. Determine a(-7).
-6
Let n(y) = -y**2 + 8*y - 8. Give n(1).
-1
Let f(q) = q**3 + 2*q**2 - 18*q - 8. Give f(-5).
7
Let o(r) = r**3 - 4*r**2 + r - 8. What is o(-4)?
-140
Let v(g) = 3*g + 36. Determine v(-10).
6
Let i(w) = w**2 - 57*w - 265. What is i(-4)?
-21
Let b(q) = -33*q + 7. Determine b(-1).
40
Let n(v) = v**3 - 12*v**2 + 20*v + 6. Calculate n(11).
105
Let r(z) = -z**2 + 5*z + 19. What is r(8)?
-5
Let r(n) = 30*n + 3. What is r(1)?
33
Let k(y) = -y**3 - 5*y**2 - 3. Determine k(-5).
-3
Let o(k) = 2*k**2 + 4*k - 78. What is o(-7)?
-8
Let k(c) = 7*c + 3. What is k(3)?
24
Let w(t) = 11*t - 44. Determine w(8).
44
Let u(y) = -y**3 + 7*y**2 - 10*y + 70. What is u(7)?
0
Let j(p) = p - 21. Calculate j(7).
-14
Let q(i) = i**2 - 16*i + 28. Calculate q(10).
-32
Let g(u) = -4*u**2 + 5*u + 9. Determine g(-2).
-17
Let d(q) = q + 26. What is d(-3)?
23
Let t(k) = 4*k**2 - 4*k + 3. Give t(4).
51
Let c(o) = -4*o + 18. Determine c(12).
-30
Let c(n) = 2*n**2 - 18*n + 15. Give c(8).
-1
Let n(k) = 2*k + 1. Determine n(-2).
-3
Let j(q) = 2*q**3 + 53*q**2 + 26*q - 3. What is j(-26)?
-3
Let k(y) = y**3 - 34*y**2 - 7*y + 232. Determine k(34).
-6
Let f(h) = -4*h + 5. Determine f(6).
-19
Let v(q) = -q**3 - 2*q**2 - 3*q - 7. Determine v(0).
-7
Let o(g) = -43*g - 125. Give o(-3).
4
Let k(x) = x**3 - 8*x**2 + 7*x - 3. What is k(7)?
-3
Let m(k) = 2*k**3 - 8*k**2 + 5*k - 3. Calculate m(4).
17
Let p(b) = 46*b + 930. Determine p(-20).
10
Let i(l) = -l**2 + l + 38. Calculate i(7).
-4
Let k(w) = w**2 + 9*w + 4. What 